{"id":3872,"date":"2018-01-04T09:41:21","date_gmt":"2018-01-04T07:41:21","guid":{"rendered":"http:\/\/kariyerbelgelendirme.net\/kariyer\/?page_id=3872"},"modified":"2026-02-11T17:29:57","modified_gmt":"2026-02-11T14:29:57","slug":"duyurular","status":"publish","type":"page","link":"https:\/\/kariyerbelgelendirme.net\/kariyer\/duyurular\/","title":{"rendered":"DUYURULAR"},"content":{"rendered":"\t\t<div data-elementor-type=\"wp-post\" data-elementor-id=\"3872\" class=\"elementor elementor-3872\">\n\t\t\t\t\t\t\t\t\t<section class=\"elementor-section elementor-top-section elementor-element elementor-element-f8adb95 elementor-section-boxed elementor-section-height-default elementor-section-height-default\" data-id=\"f8adb95\" data-element_type=\"section\">\n\t\t\t\t\t\t<div class=\"elementor-container elementor-column-gap-default\">\n\t\t\t\t\t<div class=\"elementor-column elementor-col-100 elementor-top-column elementor-element elementor-element-741744b\" data-id=\"741744b\" data-element_type=\"column\">\n\t\t\t<div class=\"elementor-widget-wrap elementor-element-populated\">\n\t\t\t\t\t\t\t\t<div class=\"elementor-element elementor-element-c95d7cd elementor-widget elementor-widget-heading\" data-id=\"c95d7cd\" data-element_type=\"widget\" data-widget_type=\"heading.default\">\n\t\t\t\t<div class=\"elementor-widget-container\">\n\t\t\t<h2 class=\"elementor-heading-title elementor-size-default\">G\u00fcncel Duyuru: Kamuoyunun Dikkatine <\/h2>\t\t<\/div>\n\t\t\t\t<\/div>\n\t\t\t\t\t<\/div>\n\t\t<\/div>\n\t\t\t\t\t\t\t<\/div>\n\t\t<\/section>\n\t\t\t\t<section class=\"elementor-section elementor-top-section elementor-element elementor-element-206184e elementor-section-boxed elementor-section-height-default elementor-section-height-default\" data-id=\"206184e\" data-element_type=\"section\">\n\t\t\t\t\t\t<div class=\"elementor-container elementor-column-gap-default\">\n\t\t\t\t\t<div class=\"elementor-column elementor-col-100 elementor-top-column elementor-element elementor-element-0091451\" data-id=\"0091451\" data-element_type=\"column\">\n\t\t\t<div class=\"elementor-widget-wrap elementor-element-populated\">\n\t\t\t\t\t\t\t\t<div class=\"elementor-element elementor-element-ef02b8a elementor-widget elementor-widget-text-editor\" data-id=\"ef02b8a\" data-element_type=\"widget\" data-widget_type=\"text-editor.default\">\n\t\t\t\t<div class=\"elementor-widget-container\">\n\t\t\t\t\t\t\t<p style=\"font-size: inherit; margin: 2px 36px 18px; line-height: 1.2; color: rgb(64, 64, 64); text-align: center; font-family: -webkit-standard;\"><span style=\"line-height: 21.6px;\">Kamuoyunun Dikkatine<\/span><\/p><p style=\"font-size: inherit; margin: 2px 36px 0px; line-height: 1.2; color: rgb(64, 64, 64); text-align: justify; text-indent: 28px; font-family: -webkit-standard;\"><span style=\"line-height: 21.6px;\">Kendi&nbsp;<\/span><span style=\"line-height: 21.6px;\">iste\u011fimiz<\/span><span style=\"line-height: 21.6px;\">&nbsp;ile 04.02.2026 tarihinde 11UY0011-3 Ah\u015fap Kal\u0131p\u00e7\u0131 (Seviye 3) ve 11UY0039- 3 \u00d6n \u0130plik Operat\u00f6r\u00fc (Seviye 3)&nbsp;&nbsp;ulusal yeterlilikleri MYK Y\u00f6netim Kurulu karar\u0131 do\u011frultusunda kald\u0131r\u0131lm\u0131\u015ft\u0131r.<\/span><span style=\"line-height: 21.6px;\">&nbsp;<\/span><span style=\"line-height: 21.6px;\">Y\u00f6netim Kurulu karar tarihi itibariyle kapsam\u0131m\u0131zda bulunan&nbsp;<\/span><span style=\"line-height: 21.6px;\">ilgili&nbsp;<\/span><span style=\"line-height: 21.6px;\">ulusa<\/span><span style=\"line-height: 21.6px;\">l yeterliliklerde<\/span><span style=\"line-height: 21.6px;\"><\/span><span style=\"line-height: 21.6px;\">tan\u0131t\u0131m, ba\u015fvuru kabul\u00fc ve s\u0131navlar d\u00e2hil b\u00fct\u00fcn faaliyetlerimiz sona ermi\u015ftir<\/span><span style=\"line-height: 21.6px;\">.<\/span><\/p><p style=\"font-size: inherit; margin: 2px 36px 0px; line-height: 1.2; color: rgb(64, 64, 64); text-align: justify; text-indent: 28px; font-family: -webkit-standard;\"><span style=\"line-height: 21.6px;\">\u201c<\/span><span style=\"line-height: 21.6px;\">Yetkisi Ask\u0131ya Al\u0131nan v<\/span><span style=\"line-height: 21.6px;\">eya Kald\u0131r\u0131lan Yetkilendirilmi\u015f Belgelendirme Kurulu\u015flar\u0131n\u0131n Ger\u00e7ekle\u015ftirmesi&nbsp;<\/span><span style=\"line-height: 21.6px;\">Gereken \u0130\u015flemlere \u0130li\u015fkin Usul v<\/span><span style=\"line-height: 21.6px;\">e Esaslar<\/span><span style=\"line-height: 21.6px;\">\u201d<\/span><span style=\"line-height: 21.6px;\">&nbsp;\u00e7er\u00e7evesinde&nbsp;<\/span><span style=\"line-height: 21.6px;\">belgelen<wbr>dirme s\u00fcreci tamamlanm\u0131\u015f veya&nbsp;<\/span><span style=\"line-height: 21.6px;\">belgelendirme karar\u0131 al\u0131nm\u0131\u015f adaylara ili\u015fkin t\u00fcm i\u015flemler taraf\u0131m\u0131zca tamamlanacak, s\u0131nav haklar\u0131n\u0131n tamam\u0131n\u0131 kullanmam\u0131\u015f veya&nbsp;<\/span><span style=\"line-height: 21.6px;\">s\u0131nav haklar\u0131n\u0131 kulland\u0131\u011f\u0131 halde&nbsp;<\/span><span style=\"line-height: 21.6px;\">belgelendirme karar<\/span><span style=\"line-height: 21.6px;\">&nbsp;s\u00fcreci tamam<\/span><span style=\"line-height: 21.6px;\">lanmam\u0131\u015f adaylar\u0131n s\u0131nav \u00fccretleri iade edilecektir.<\/span><\/p><p style=\"font-size: inherit; margin: 2px 36px 18px; line-height: 1.2; color: rgb(64, 64, 64); font-family: -webkit-standard;\"><span style=\"line-height: 21.6px;\">&nbsp;<\/span><\/p><p style=\"font-size: inherit; margin: 24px 36px 48px; line-height: 1.2; color: rgb(64, 64, 64); font-family: -webkit-standard;\"><span style=\"line-height: 21.6px;\">Sayg\u0131lar\u0131m\u0131zla\u2026<\/span><span style=\"line-height: 21.6px;\"><br><\/span><span style=\"line-height: 21.6px;\">Kariyer Yap\u0131 Mimarl\u0131k \u0130n\u015f San Tic Ltd \u015eti<\/span><\/p>\t\t\t\t\t\t<\/div>\n\t\t\t\t<\/div>\n\t\t\t\t\t<\/div>\n\t\t<\/div>\n\t\t\t\t\t\t\t<\/div>\n\t\t<\/section>\n\t\t\t\t\t\t\t<\/div>\n\t\t","protected":false},"excerpt":{"rendered":"<p>G\u00fcncel Duyuru: Kamuoyunun Dikkatine Kamuoyunun Dikkatine Kendi&nbsp;iste\u011fimiz&nbsp;ile 04.02.2026 tarihinde 11UY0011-3 Ah\u015fap Kal\u0131p\u00e7\u0131 (Seviye 3) ve 11UY0039- 3 \u00d6n \u0130plik Operat\u00f6r\u00fc (Seviye 3)&nbsp;&nbsp;ulusal yeterlilikleri MYK Y\u00f6netim Kurulu karar\u0131 do\u011frultusunda kald\u0131r\u0131lm\u0131\u015ft\u0131r.&nbsp;Y\u00f6netim Kurulu karar tarihi itibariyle kapsam\u0131m\u0131zda bulunan&nbsp;ilgili&nbsp;ulusal yeterliliklerdetan\u0131t\u0131m, ba\u015fvuru kabul\u00fc ve s\u0131navlar d\u00e2hil b\u00fct\u00fcn faaliyetlerimiz sona ermi\u015ftir. \u201cYetkisi Ask\u0131ya Al\u0131nan veya Kald\u0131r\u0131lan Yetkilendirilmi\u015f Belgelendirme Kurulu\u015flar\u0131n\u0131n Ger\u00e7ekle\u015ftirmesi&nbsp;Gereken \u0130\u015flemlere [&hellip;] <a class=\"more-link\" href=\"https:\/\/kariyerbelgelendirme.net\/kariyer\/duyurular\/\">Devam\u0131n\u0131 Oku<\/a><\/p>\n","protected":false},"author":1,"featured_media":3990,"parent":0,"menu_order":0,"comment_status":"closed","ping_status":"closed","template":"","meta":{"footnotes":""},"yoast_head":"<!-- This site is optimized with the Yoast SEO plugin v21.8 - https:\/\/yoast.com\/wordpress\/plugins\/seo\/ -->\n<title>DUYURULAR - Kariyer Belgelendirme<\/title>\n<meta name=\"robots\" content=\"index, follow, max-snippet:-1, max-image-preview:large, max-video-preview:-1\" \/>\n<link rel=\"canonical\" href=\"https:\/\/kariyerbelgelendirme.net\/kariyer\/duyurular\/\" \/>\n<meta property=\"og:locale\" content=\"tr_TR\" \/>\n<meta property=\"og:type\" content=\"article\" \/>\n<meta property=\"og:title\" content=\"DUYURULAR - Kariyer Belgelendirme\" \/>\n<meta property=\"og:description\" content=\"G\u00fcncel Duyuru: Kamuoyunun Dikkatine Kamuoyunun Dikkatine Kendi&nbsp;iste\u011fimiz&nbsp;ile 04.02.2026 tarihinde 11UY0011-3 Ah\u015fap Kal\u0131p\u00e7\u0131 (Seviye 3) ve 11UY0039- 3 \u00d6n \u0130plik Operat\u00f6r\u00fc (Seviye 3)&nbsp;&nbsp;ulusal yeterlilikleri MYK Y\u00f6netim Kurulu karar\u0131 do\u011frultusunda kald\u0131r\u0131lm\u0131\u015ft\u0131r.&nbsp;Y\u00f6netim Kurulu karar tarihi itibariyle kapsam\u0131m\u0131zda bulunan&nbsp;ilgili&nbsp;ulusal yeterliliklerdetan\u0131t\u0131m, ba\u015fvuru kabul\u00fc ve s\u0131navlar d\u00e2hil b\u00fct\u00fcn faaliyetlerimiz sona ermi\u015ftir. \u201cYetkisi Ask\u0131ya Al\u0131nan veya Kald\u0131r\u0131lan Yetkilendirilmi\u015f Belgelendirme Kurulu\u015flar\u0131n\u0131n Ger\u00e7ekle\u015ftirmesi&nbsp;Gereken \u0130\u015flemlere [&hellip;]\" \/>\n<meta property=\"og:url\" content=\"https:\/\/kariyerbelgelendirme.net\/kariyer\/duyurular\/\" \/>\n<meta property=\"og:site_name\" content=\"Kariyer Belgelendirme\" \/>\n<meta property=\"article:modified_time\" content=\"2026-02-11T14:29:57+00:00\" \/>\n<meta property=\"og:image\" content=\"https:\/\/kariyerbelgelendirme.net\/kariyer\/wp-content\/uploads\/2018\/01\/BELGELEND\u0130R\u0130LEN-K\u0130\u015e\u0130LER-e1516884128942.jpg\" \/>\n\t<meta property=\"og:image:width\" content=\"1653\" \/>\n\t<meta property=\"og:image:height\" content=\"2339\" \/>\n\t<meta property=\"og:image:type\" content=\"image\/jpeg\" \/>\n<meta name=\"twitter:card\" content=\"summary_large_image\" \/>\n<meta name=\"twitter:label1\" content=\"Tahmini okuma s\u00fcresi\" \/>\n\t<meta name=\"twitter:data1\" content=\"1 dakika\" \/>\n<script type=\"application\/ld+json\" class=\"yoast-schema-graph\">{\"@context\":\"https:\/\/schema.org\",\"@graph\":[{\"@type\":\"WebPage\",\"@id\":\"https:\/\/kariyerbelgelendirme.net\/kariyer\/duyurular\/\",\"url\":\"https:\/\/kariyerbelgelendirme.net\/kariyer\/duyurular\/\",\"name\":\"DUYURULAR - Kariyer Belgelendirme\",\"isPartOf\":{\"@id\":\"https:\/\/kariyerbelgelendirme.net\/kariyer\/#website\"},\"datePublished\":\"2018-01-04T07:41:21+00:00\",\"dateModified\":\"2026-02-11T14:29:57+00:00\",\"breadcrumb\":{\"@id\":\"https:\/\/kariyerbelgelendirme.net\/kariyer\/duyurular\/#breadcrumb\"},\"inLanguage\":\"tr\",\"potentialAction\":[{\"@type\":\"ReadAction\",\"target\":[\"https:\/\/kariyerbelgelendirme.net\/kariyer\/duyurular\/\"]}]},{\"@type\":\"BreadcrumbList\",\"@id\":\"https:\/\/kariyerbelgelendirme.net\/kariyer\/duyurular\/#breadcrumb\",\"itemListElement\":[{\"@type\":\"ListItem\",\"position\":1,\"name\":\"Anasayfa\",\"item\":\"https:\/\/kariyerbelgelendirme.net\/kariyer\/\"},{\"@type\":\"ListItem\",\"position\":2,\"name\":\"DUYURULAR\"}]},{\"@type\":\"WebSite\",\"@id\":\"https:\/\/kariyerbelgelendirme.net\/kariyer\/#website\",\"url\":\"https:\/\/kariyerbelgelendirme.net\/kariyer\/\",\"name\":\"Kariyer Belgelendirme\",\"description\":\"\u00d6nce G\u00fcven\",\"potentialAction\":[{\"@type\":\"SearchAction\",\"target\":{\"@type\":\"EntryPoint\",\"urlTemplate\":\"https:\/\/kariyerbelgelendirme.net\/kariyer\/?s={search_term_string}\"},\"query-input\":\"required name=search_term_string\"}],\"inLanguage\":\"tr\"}]}<\/script>\n<!-- \/ Yoast SEO plugin. -->","yoast_head_json":{"title":"DUYURULAR - Kariyer Belgelendirme","robots":{"index":"index","follow":"follow","max-snippet":"max-snippet:-1","max-image-preview":"max-image-preview:large","max-video-preview":"max-video-preview:-1"},"canonical":"https:\/\/kariyerbelgelendirme.net\/kariyer\/duyurular\/","og_locale":"tr_TR","og_type":"article","og_title":"DUYURULAR - Kariyer Belgelendirme","og_description":"G\u00fcncel Duyuru: Kamuoyunun Dikkatine Kamuoyunun Dikkatine Kendi&nbsp;iste\u011fimiz&nbsp;ile 04.02.2026 tarihinde 11UY0011-3 Ah\u015fap Kal\u0131p\u00e7\u0131 (Seviye 3) ve 11UY0039- 3 \u00d6n \u0130plik Operat\u00f6r\u00fc (Seviye 3)&nbsp;&nbsp;ulusal yeterlilikleri MYK Y\u00f6netim Kurulu karar\u0131 do\u011frultusunda kald\u0131r\u0131lm\u0131\u015ft\u0131r.&nbsp;Y\u00f6netim Kurulu karar tarihi itibariyle kapsam\u0131m\u0131zda bulunan&nbsp;ilgili&nbsp;ulusal yeterliliklerdetan\u0131t\u0131m, ba\u015fvuru kabul\u00fc ve s\u0131navlar d\u00e2hil b\u00fct\u00fcn faaliyetlerimiz sona ermi\u015ftir. \u201cYetkisi Ask\u0131ya Al\u0131nan veya Kald\u0131r\u0131lan Yetkilendirilmi\u015f Belgelendirme Kurulu\u015flar\u0131n\u0131n Ger\u00e7ekle\u015ftirmesi&nbsp;Gereken \u0130\u015flemlere [&hellip;]","og_url":"https:\/\/kariyerbelgelendirme.net\/kariyer\/duyurular\/","og_site_name":"Kariyer Belgelendirme","article_modified_time":"2026-02-11T14:29:57+00:00","og_image":[{"width":1653,"height":2339,"url":"https:\/\/kariyerbelgelendirme.net\/kariyer\/wp-content\/uploads\/2018\/01\/BELGELEND\u0130R\u0130LEN-K\u0130\u015e\u0130LER-e1516884128942.jpg","type":"image\/jpeg"}],"twitter_card":"summary_large_image","twitter_misc":{"Tahmini okuma s\u00fcresi":"1 dakika"},"schema":{"@context":"https:\/\/schema.org","@graph":[{"@type":"WebPage","@id":"https:\/\/kariyerbelgelendirme.net\/kariyer\/duyurular\/","url":"https:\/\/kariyerbelgelendirme.net\/kariyer\/duyurular\/","name":"DUYURULAR - Kariyer Belgelendirme","isPartOf":{"@id":"https:\/\/kariyerbelgelendirme.net\/kariyer\/#website"},"datePublished":"2018-01-04T07:41:21+00:00","dateModified":"2026-02-11T14:29:57+00:00","breadcrumb":{"@id":"https:\/\/kariyerbelgelendirme.net\/kariyer\/duyurular\/#breadcrumb"},"inLanguage":"tr","potentialAction":[{"@type":"ReadAction","target":["https:\/\/kariyerbelgelendirme.net\/kariyer\/duyurular\/"]}]},{"@type":"BreadcrumbList","@id":"https:\/\/kariyerbelgelendirme.net\/kariyer\/duyurular\/#breadcrumb","itemListElement":[{"@type":"ListItem","position":1,"name":"Anasayfa","item":"https:\/\/kariyerbelgelendirme.net\/kariyer\/"},{"@type":"ListItem","position":2,"name":"DUYURULAR"}]},{"@type":"WebSite","@id":"https:\/\/kariyerbelgelendirme.net\/kariyer\/#website","url":"https:\/\/kariyerbelgelendirme.net\/kariyer\/","name":"Kariyer Belgelendirme","description":"\u00d6nce G\u00fcven","potentialAction":[{"@type":"SearchAction","target":{"@type":"EntryPoint","urlTemplate":"https:\/\/kariyerbelgelendirme.net\/kariyer\/?s={search_term_string}"},"query-input":"required name=search_term_string"}],"inLanguage":"tr"}]}},"_links":{"self":[{"href":"https:\/\/kariyerbelgelendirme.net\/kariyer\/wp-json\/wp\/v2\/pages\/3872"}],"collection":[{"href":"https:\/\/kariyerbelgelendirme.net\/kariyer\/wp-json\/wp\/v2\/pages"}],"about":[{"href":"https:\/\/kariyerbelgelendirme.net\/kariyer\/wp-json\/wp\/v2\/types\/page"}],"author":[{"embeddable":true,"href":"https:\/\/kariyerbelgelendirme.net\/kariyer\/wp-json\/wp\/v2\/users\/1"}],"replies":[{"embeddable":true,"href":"https:\/\/kariyerbelgelendirme.net\/kariyer\/wp-json\/wp\/v2\/comments?post=3872"}],"version-history":[{"count":19,"href":"https:\/\/kariyerbelgelendirme.net\/kariyer\/wp-json\/wp\/v2\/pages\/3872\/revisions"}],"predecessor-version":[{"id":5073,"href":"https:\/\/kariyerbelgelendirme.net\/kariyer\/wp-json\/wp\/v2\/pages\/3872\/revisions\/5073"}],"wp:featuredmedia":[{"embeddable":true,"href":"https:\/\/kariyerbelgelendirme.net\/kariyer\/wp-json\/wp\/v2\/media\/3990"}],"wp:attachment":[{"href":"https:\/\/kariyerbelgelendirme.net\/kariyer\/wp-json\/wp\/v2\/media?parent=3872"}],"curies":[{"name":"wp","href":"https:\/\/api.w.org\/{rel}","templated":true}]}}