{"id":3762,"date":"2018-01-02T05:36:11","date_gmt":"2018-01-02T03:36:11","guid":{"rendered":"http:\/\/kariyerbelgelendirme.net\/kariyer\/?page_id=3762"},"modified":"2025-05-30T21:54:17","modified_gmt":"2025-05-30T18:54:17","slug":"belge-form-ve-sartnameler","status":"publish","type":"page","link":"https:\/\/kariyerbelgelendirme.net\/kariyer\/belge-form-ve-sartnameler\/","title":{"rendered":"Belge Form ve \u015eartnameler"},"content":{"rendered":"\t\t<div data-elementor-type=\"wp-post\" data-elementor-id=\"3762\" class=\"elementor elementor-3762\">\n\t\t\t\t\t\t\t\t\t<section class=\"elementor-section elementor-top-section elementor-element elementor-element-33t913p elementor-section-boxed elementor-section-height-default elementor-section-height-default\" data-id=\"33t913p\" data-element_type=\"section\">\n\t\t\t\t\t\t<div class=\"elementor-container elementor-column-gap-default\">\n\t\t\t\t\t<div class=\"elementor-column elementor-col-25 elementor-top-column elementor-element elementor-element-87mo2t6\" data-id=\"87mo2t6\" data-element_type=\"column\">\n\t\t\t<div class=\"elementor-widget-wrap elementor-element-populated\">\n\t\t\t\t\t\t\t\t<div class=\"elementor-element elementor-element-vriig9b elementor-widget elementor-widget-text-editor\" data-id=\"vriig9b\" data-element_type=\"widget\" data-widget_type=\"text-editor.default\">\n\t\t\t\t<div class=\"elementor-widget-container\">\n\t\t\t\t\t\t\t<h3><strong>BELGELER<\/strong><\/h3>\t\t\t\t\t\t<\/div>\n\t\t\t\t<\/div>\n\t\t\t\t\t<\/div>\n\t\t<\/div>\n\t\t\t\t<div class=\"elementor-column elementor-col-25 elementor-top-column elementor-element elementor-element-g3mn3gf\" data-id=\"g3mn3gf\" data-element_type=\"column\">\n\t\t\t<div class=\"elementor-widget-wrap elementor-element-populated\">\n\t\t\t\t\t\t\t\t<div class=\"elementor-element elementor-element-h4c0l1j elementor-widget elementor-widget-text-editor\" data-id=\"h4c0l1j\" data-element_type=\"widget\" data-widget_type=\"text-editor.default\">\n\t\t\t\t<div class=\"elementor-widget-container\">\n\t\t\t\t\t\t\t<h3><strong>FORMLAR<\/strong><\/h3>\t\t\t\t\t\t<\/div>\n\t\t\t\t<\/div>\n\t\t\t\t\t<\/div>\n\t\t<\/div>\n\t\t\t\t<div class=\"elementor-column elementor-col-25 elementor-top-column elementor-element elementor-element-bj4ze7b\" data-id=\"bj4ze7b\" data-element_type=\"column\">\n\t\t\t<div class=\"elementor-widget-wrap elementor-element-populated\">\n\t\t\t\t\t\t\t\t<div class=\"elementor-element elementor-element-6tx8kbt elementor-widget elementor-widget-text-editor\" data-id=\"6tx8kbt\" data-element_type=\"widget\" data-widget_type=\"text-editor.default\">\n\t\t\t\t<div class=\"elementor-widget-container\">\n\t\t\t\t\t\t\t<h3><strong>\u015eARTNAMELER<\/strong><\/h3>\t\t\t\t\t\t<\/div>\n\t\t\t\t<\/div>\n\t\t\t\t\t<\/div>\n\t\t<\/div>\n\t\t\t\t<div class=\"elementor-column elementor-col-25 elementor-top-column elementor-element elementor-element-jgxw9js\" data-id=\"jgxw9js\" data-element_type=\"column\">\n\t\t\t<div class=\"elementor-widget-wrap\">\n\t\t\t\t\t\t\t\t\t<\/div>\n\t\t<\/div>\n\t\t\t\t\t\t\t<\/div>\n\t\t<\/section>\n\t\t\t\t<section class=\"elementor-section elementor-top-section elementor-element elementor-element-ccwvvz2 elementor-section-boxed elementor-section-height-default elementor-section-height-default\" data-id=\"ccwvvz2\" data-element_type=\"section\">\n\t\t\t\t\t\t<div class=\"elementor-container elementor-column-gap-default\">\n\t\t\t\t\t<div class=\"elementor-column elementor-col-25 elementor-top-column elementor-element elementor-element-0z77hjv\" data-id=\"0z77hjv\" data-element_type=\"column\">\n\t\t\t<div class=\"elementor-widget-wrap elementor-element-populated\">\n\t\t\t\t\t\t\t\t<div class=\"elementor-element elementor-element-31022sn elementor-widget elementor-widget-text-editor\" data-id=\"31022sn\" data-element_type=\"widget\" data-widget_type=\"text-editor.default\">\n\t\t\t\t<div class=\"elementor-widget-container\">\n\t\t\t\t\t\t\t<p><a href=\"https:\/\/kariyerbelgelendirme.net\/kariyer\/itiraz-sikayet-ve-oneri-proseduru\/\">\u0130tiraz ve \u015fikayet prosed\u00fcr\u00fc<\/a><\/p><p><a href=\"https:\/\/kariyerbelgelendirme.net\/kariyer\/belge-kullanim-sozlesmesi\/\">Belge Kullan\u0131m S\u00f6zle\u015fmesi<\/a><\/p><p><a href=\"https:\/\/kariyerbelgelendirme.net\/kariyer\/wp-content\/uploads\/2025\/05\/PB.TL02-Marka-ve-Logo-Kullanim-Talimati-rev03-17.05.2024.pdf\">Marka Kullan\u0131m talimat\u0131<\/a><\/p><p><a href=\"https:\/\/kariyerbelgelendirme.net\/kariyer\/belgelendirme-faaliyeti-proseduru\/\">Belgelendirme Faaliyet Prosesi<\/a><\/p><p><a href=\"https:\/\/kariyerbelgelendirme.net\/kariyer\/wp-content\/uploads\/2025\/05\/PB.EK01-EK04-Hizmet-Kapsami-ve-Mesleki-Yeterlilik-Belgelendirme-Rehberi-Rev.10-24.03.2025-1.pdf\">Hizmet Kapsam\u0131<\/a><\/p><p><a href=\"https:\/\/kariyerbelgelendirme.net\/kariyer\/wp-content\/uploads\/2025\/05\/PB.FR54-Belge-Kullanim-Sozlesmesi-Rev.04-17052024.pdf\">Belge Kullan\u0131m S\u00f6zle\u015fmesi<\/a><\/p><p><a href=\"https:\/\/kariyerbelgelendirme.net\/kariyer\/wp-content\/uploads\/2025\/05\/2025-UCRET-TARIFESI-KARIYER-BELGELENDIRME-REV.01.pdf\">G\u00fcncel \u00dccret Tarifesi<\/a><\/p>\t\t\t\t\t\t<\/div>\n\t\t\t\t<\/div>\n\t\t\t\t\t<\/div>\n\t\t<\/div>\n\t\t\t\t<div class=\"elementor-column elementor-col-25 elementor-top-column elementor-element elementor-element-nf5raex\" data-id=\"nf5raex\" data-element_type=\"column\">\n\t\t\t<div class=\"elementor-widget-wrap elementor-element-populated\">\n\t\t\t\t\t\t\t\t<div class=\"elementor-element elementor-element-1hzwl9v elementor-widget elementor-widget-text-editor\" data-id=\"1hzwl9v\" data-element_type=\"widget\" data-widget_type=\"text-editor.default\">\n\t\t\t\t<div class=\"elementor-widget-container\">\n\t\t\t\t\t\t\t<p><a href=\"https:\/\/kariyerbelgelendirme.net\/kariyer\/wp-content\/uploads\/2025\/05\/PB.FR25-Aday_Basvuru_Formu_.pdf\">Ba\u015fvuru Formu<\/a><\/p><p><a href=\"https:\/\/kariyerbelgelendirme.net\/kariyer\/wp-content\/uploads\/2025\/05\/PB.FR25-01-KAYNAK-BASVURU-FORMU.pdf\">Kaynak Ba\u015fvuru Formu<\/a><\/p><p><a href=\"https:\/\/kariyerbelgelendirme.net\/kariyer\/wp-content\/uploads\/2025\/05\/PB.FR20-Itiraz-ve-Sikayet-Talep-Formu-rev01-14.02.2022-1.pdf\">\u0130tiraz \u015eikayet Formu<\/a><\/p>\t\t\t\t\t\t<\/div>\n\t\t\t\t<\/div>\n\t\t\t\t\t<\/div>\n\t\t<\/div>\n\t\t\t\t<div class=\"elementor-column elementor-col-25 elementor-top-column elementor-element elementor-element-ujz0icq\" data-id=\"ujz0icq\" data-element_type=\"column\">\n\t\t\t<div class=\"elementor-widget-wrap elementor-element-populated\">\n\t\t\t\t\t\t\t\t<div class=\"elementor-element elementor-element-34sngzh elementor-widget elementor-widget-text-editor\" data-id=\"34sngzh\" data-element_type=\"widget\" data-widget_type=\"text-editor.default\">\n\t\t\t\t<div class=\"elementor-widget-container\">\n\t\t\t\t\t\t\t<p><a href=\"https:\/\/kariyerbelgelendirme.net\/kariyer\/wp-content\/uploads\/2025\/05\/insaat-sektoru-sartname.pdf\" target=\"_blank\" rel=\"noopener\">\u0130n\u015faat Sekt\u00f6r\u00fc S\u0131nav \u015eartnamesi<\/a><\/p><p><a href=\"https:\/\/kariyerbelgelendirme.net\/kariyer\/wp-content\/uploads\/2025\/05\/metal-sektoru-sartname-1.pdf\" target=\"_blank\" rel=\"noopener\">Metal Sekt\u00f6r\u00fc S\u0131nav \u015eartnamesi<\/a><\/p><p><a href=\"https:\/\/kariyerbelgelendirme.net\/kariyer\/wp-content\/uploads\/2025\/05\/ticaret-sektoru-sartname-1.pdf\" target=\"_blank\" rel=\"noopener\">Ticaret Sekt\u00f6r\u00fc S\u0131nav \u015eartnamesi<\/a><\/p><p><a href=\"http:\/\/kariyerbelgelendirme.net\/Tekstil_Sekt\u00f6r\u00fc_S\u0131nav_\u015eartnamesi.pdf\" target=\"_blank\" rel=\"noopener\">Tekstil Sekt\u00f6r\u00fc S\u0131nav \u015eartnamesi<\/a><\/p><p><a href=\"https:\/\/kariyerbelgelendirme.net\/kariyer\/wp-content\/uploads\/2025\/05\/elektrik-sektoru-sartname-1.pdf\" target=\"_blank\" rel=\"noopener\">Elektrik Sekt\u00f6r\u00fc S\u0131nav \u015eartnamesi<\/a><\/p><p><a href=\"https:\/\/kariyerbelgelendirme.net\/kariyer\/wp-content\/uploads\/2025\/05\/ulastirma-sektoru-sartname-1.pdf\">Ula\u015ft\u0131rma Sekt\u00f6r\u00fc S\u0131nav \u015eartnamesi<\/a><\/p><p><a href=\"https:\/\/kariyerbelgelendirme.net\/kariyer\/wp-content\/uploads\/2025\/05\/toplumsal-hizmetler-sektoru-sartname-1.pdf\">Toplumsal Hizmetler S\u0131nav \u015eartnamesi<\/a><\/p><p><a href=\"https:\/\/kariyerbelgelendirme.net\/kariyer\/wp-content\/uploads\/2025\/05\/enerji-sektoru-sartname-1.pdf\">Enerji Sekt\u00f6r\u00fc S\u0131nav \u015eartnamesi<\/a><\/p><p><a href=\"https:\/\/kariyerbelgelendirme.net\/kariyer\/wp-content\/uploads\/2025\/05\/enerji-sektoru-sartname-1.pdf\">Turizm Konaklama Yiyecek \u0130\u00e7ecek Hizmetleri Sekt\u00f6r\u00fc<\/a><\/p><p><a href=\"https:\/\/kariyerbelgelendirme.net\/kariyer\/wp-content\/uploads\/2025\/05\/toplumsal-hizmetler-sektoru-sartname-2.pdf\">\u0130\u015f ve Y\u00f6netim Sekt\u00f6r\u00fc<\/a><\/p>\t\t\t\t\t\t<\/div>\n\t\t\t\t<\/div>\n\t\t\t\t\t<\/div>\n\t\t<\/div>\n\t\t\t\t<div class=\"elementor-column elementor-col-25 elementor-top-column elementor-element elementor-element-g39xw5y\" data-id=\"g39xw5y\" data-element_type=\"column\">\n\t\t\t<div class=\"elementor-widget-wrap elementor-element-populated\">\n\t\t\t\t\t\t\t\t<div class=\"elementor-element elementor-element-92sbjs8 elementor-widget elementor-widget-text-editor\" data-id=\"92sbjs8\" data-element_type=\"widget\" data-widget_type=\"text-editor.default\">\n\t\t\t\t<div class=\"elementor-widget-container\">\n\t\t\t\t\t\t\t<ul class=\"list list-ok alt\"><li><a href=\"http:\/\/kariyerbelgelendirme.net\/kariyer\/mesleki-yeterlilik-belgesi-nedir\/\">Mesleki Yeterlilik Belgesi Nedir<\/a><\/li><li><a href=\"http:\/\/kariyerbelgelendirme.net\/kariyer\/hizmet-kapsami\/\">Hizmet Kapsam\u0131<\/a><\/li><li><a href=\"http:\/\/kariyerbelgelendirme.net\/kariyer\/hedeflerimiz-ve-aksiyon-planimiz\/\">Hedeflerimiz ve Aksiyon Plan\u0131<\/a><\/li><li><a href=\"http:\/\/kariyerbelgelendirme.net\/kariyer\/itiraz-sikayet-ve-oneri-proseduru\/\">\u0130tiraz \u015eikayet \u00d6neri Prosed\u00fcr\u00fc<\/a><\/li><li><a href=\"http:\/\/kariyerbelgelendirme.net\/kariyer\/belge-kullanim-sozlesmesi\/\">Belge Kullan\u0131m S\u00f6zle\u015fmesi<\/a><\/li><li><a href=\"http:\/\/kariyerbelgelendirme.net\/kariyer\/belge-form-ve-sartnameler\/\">Belge Form ve \u015eartnameler<\/a><\/li><\/ul>\t\t\t\t\t\t<\/div>\n\t\t\t\t<\/div>\n\t\t\t\t\t<\/div>\n\t\t<\/div>\n\t\t\t\t\t\t\t<\/div>\n\t\t<\/section>\n\t\t\t\t\t\t\t<\/div>\n\t\t","protected":false},"excerpt":{"rendered":"<p>BELGELER FORMLAR \u015eARTNAMELER \u0130tiraz ve \u015fikayet prosed\u00fcr\u00fc Belge Kullan\u0131m S\u00f6zle\u015fmesi Marka Kullan\u0131m talimat\u0131 Belgelendirme Faaliyet Prosesi Hizmet Kapsam\u0131 Belge Kullan\u0131m S\u00f6zle\u015fmesi G\u00fcncel \u00dccret Tarifesi Ba\u015fvuru Formu Kaynak Ba\u015fvuru Formu \u0130tiraz \u015eikayet Formu \u0130n\u015faat Sekt\u00f6r\u00fc S\u0131nav \u015eartnamesi Metal Sekt\u00f6r\u00fc S\u0131nav \u015eartnamesi Ticaret Sekt\u00f6r\u00fc S\u0131nav \u015eartnamesi Tekstil Sekt\u00f6r\u00fc S\u0131nav \u015eartnamesi Elektrik Sekt\u00f6r\u00fc S\u0131nav \u015eartnamesi Ula\u015ft\u0131rma Sekt\u00f6r\u00fc S\u0131nav [&hellip;] <a class=\"more-link\" href=\"https:\/\/kariyerbelgelendirme.net\/kariyer\/belge-form-ve-sartnameler\/\">Devam\u0131n\u0131 Oku<\/a><\/p>\n","protected":false},"author":1,"featured_media":0,"parent":0,"menu_order":0,"comment_status":"closed","ping_status":"closed","template":"","meta":{"footnotes":""},"yoast_head":"<!-- This site is optimized with the Yoast SEO plugin v21.8 - https:\/\/yoast.com\/wordpress\/plugins\/seo\/ -->\n<title>Belge Form ve \u015eartnameler - Kariyer Belgelendirme<\/title>\n<meta name=\"robots\" content=\"index, follow, max-snippet:-1, max-image-preview:large, max-video-preview:-1\" \/>\n<link rel=\"canonical\" href=\"https:\/\/kariyerbelgelendirme.net\/kariyer\/belge-form-ve-sartnameler\/\" \/>\n<meta property=\"og:locale\" content=\"tr_TR\" \/>\n<meta property=\"og:type\" content=\"article\" \/>\n<meta property=\"og:title\" content=\"Belge Form ve \u015eartnameler - Kariyer Belgelendirme\" \/>\n<meta property=\"og:description\" content=\"BELGELER FORMLAR \u015eARTNAMELER \u0130tiraz ve \u015fikayet prosed\u00fcr\u00fc Belge Kullan\u0131m S\u00f6zle\u015fmesi Marka Kullan\u0131m talimat\u0131 Belgelendirme Faaliyet Prosesi Hizmet Kapsam\u0131 Belge Kullan\u0131m S\u00f6zle\u015fmesi G\u00fcncel \u00dccret Tarifesi Ba\u015fvuru Formu Kaynak Ba\u015fvuru Formu \u0130tiraz \u015eikayet Formu \u0130n\u015faat Sekt\u00f6r\u00fc S\u0131nav \u015eartnamesi Metal Sekt\u00f6r\u00fc S\u0131nav \u015eartnamesi Ticaret Sekt\u00f6r\u00fc S\u0131nav \u015eartnamesi Tekstil Sekt\u00f6r\u00fc S\u0131nav \u015eartnamesi Elektrik Sekt\u00f6r\u00fc S\u0131nav \u015eartnamesi Ula\u015ft\u0131rma Sekt\u00f6r\u00fc S\u0131nav [&hellip;]\" \/>\n<meta property=\"og:url\" content=\"https:\/\/kariyerbelgelendirme.net\/kariyer\/belge-form-ve-sartnameler\/\" \/>\n<meta property=\"og:site_name\" content=\"Kariyer Belgelendirme\" \/>\n<meta property=\"article:modified_time\" content=\"2025-05-30T18:54:17+00:00\" \/>\n<meta name=\"twitter:card\" content=\"summary_large_image\" \/>\n<meta name=\"twitter:label1\" content=\"Tahmini okuma s\u00fcresi\" \/>\n\t<meta name=\"twitter:data1\" content=\"1 dakika\" \/>\n<script type=\"application\/ld+json\" class=\"yoast-schema-graph\">{\"@context\":\"https:\/\/schema.org\",\"@graph\":[{\"@type\":\"WebPage\",\"@id\":\"https:\/\/kariyerbelgelendirme.net\/kariyer\/belge-form-ve-sartnameler\/\",\"url\":\"https:\/\/kariyerbelgelendirme.net\/kariyer\/belge-form-ve-sartnameler\/\",\"name\":\"Belge Form ve \u015eartnameler - Kariyer Belgelendirme\",\"isPartOf\":{\"@id\":\"https:\/\/kariyerbelgelendirme.net\/kariyer\/#website\"},\"datePublished\":\"2018-01-02T03:36:11+00:00\",\"dateModified\":\"2025-05-30T18:54:17+00:00\",\"breadcrumb\":{\"@id\":\"https:\/\/kariyerbelgelendirme.net\/kariyer\/belge-form-ve-sartnameler\/#breadcrumb\"},\"inLanguage\":\"tr\",\"potentialAction\":[{\"@type\":\"ReadAction\",\"target\":[\"https:\/\/kariyerbelgelendirme.net\/kariyer\/belge-form-ve-sartnameler\/\"]}]},{\"@type\":\"BreadcrumbList\",\"@id\":\"https:\/\/kariyerbelgelendirme.net\/kariyer\/belge-form-ve-sartnameler\/#breadcrumb\",\"itemListElement\":[{\"@type\":\"ListItem\",\"position\":1,\"name\":\"Anasayfa\",\"item\":\"https:\/\/kariyerbelgelendirme.net\/kariyer\/\"},{\"@type\":\"ListItem\",\"position\":2,\"name\":\"Belge Form ve \u015eartnameler\"}]},{\"@type\":\"WebSite\",\"@id\":\"https:\/\/kariyerbelgelendirme.net\/kariyer\/#website\",\"url\":\"https:\/\/kariyerbelgelendirme.net\/kariyer\/\",\"name\":\"Kariyer Belgelendirme\",\"description\":\"\u00d6nce G\u00fcven\",\"potentialAction\":[{\"@type\":\"SearchAction\",\"target\":{\"@type\":\"EntryPoint\",\"urlTemplate\":\"https:\/\/kariyerbelgelendirme.net\/kariyer\/?s={search_term_string}\"},\"query-input\":\"required name=search_term_string\"}],\"inLanguage\":\"tr\"}]}<\/script>\n<!-- \/ Yoast SEO plugin. -->","yoast_head_json":{"title":"Belge Form ve \u015eartnameler - Kariyer Belgelendirme","robots":{"index":"index","follow":"follow","max-snippet":"max-snippet:-1","max-image-preview":"max-image-preview:large","max-video-preview":"max-video-preview:-1"},"canonical":"https:\/\/kariyerbelgelendirme.net\/kariyer\/belge-form-ve-sartnameler\/","og_locale":"tr_TR","og_type":"article","og_title":"Belge Form ve \u015eartnameler - Kariyer Belgelendirme","og_description":"BELGELER FORMLAR \u015eARTNAMELER \u0130tiraz ve \u015fikayet prosed\u00fcr\u00fc Belge Kullan\u0131m S\u00f6zle\u015fmesi Marka Kullan\u0131m talimat\u0131 Belgelendirme Faaliyet Prosesi Hizmet Kapsam\u0131 Belge Kullan\u0131m S\u00f6zle\u015fmesi G\u00fcncel \u00dccret Tarifesi Ba\u015fvuru Formu Kaynak Ba\u015fvuru Formu \u0130tiraz \u015eikayet Formu \u0130n\u015faat Sekt\u00f6r\u00fc S\u0131nav \u015eartnamesi Metal Sekt\u00f6r\u00fc S\u0131nav \u015eartnamesi Ticaret Sekt\u00f6r\u00fc S\u0131nav \u015eartnamesi Tekstil Sekt\u00f6r\u00fc S\u0131nav \u015eartnamesi Elektrik Sekt\u00f6r\u00fc S\u0131nav \u015eartnamesi Ula\u015ft\u0131rma Sekt\u00f6r\u00fc S\u0131nav [&hellip;]","og_url":"https:\/\/kariyerbelgelendirme.net\/kariyer\/belge-form-ve-sartnameler\/","og_site_name":"Kariyer Belgelendirme","article_modified_time":"2025-05-30T18:54:17+00:00","twitter_card":"summary_large_image","twitter_misc":{"Tahmini okuma s\u00fcresi":"1 dakika"},"schema":{"@context":"https:\/\/schema.org","@graph":[{"@type":"WebPage","@id":"https:\/\/kariyerbelgelendirme.net\/kariyer\/belge-form-ve-sartnameler\/","url":"https:\/\/kariyerbelgelendirme.net\/kariyer\/belge-form-ve-sartnameler\/","name":"Belge Form ve \u015eartnameler - Kariyer Belgelendirme","isPartOf":{"@id":"https:\/\/kariyerbelgelendirme.net\/kariyer\/#website"},"datePublished":"2018-01-02T03:36:11+00:00","dateModified":"2025-05-30T18:54:17+00:00","breadcrumb":{"@id":"https:\/\/kariyerbelgelendirme.net\/kariyer\/belge-form-ve-sartnameler\/#breadcrumb"},"inLanguage":"tr","potentialAction":[{"@type":"ReadAction","target":["https:\/\/kariyerbelgelendirme.net\/kariyer\/belge-form-ve-sartnameler\/"]}]},{"@type":"BreadcrumbList","@id":"https:\/\/kariyerbelgelendirme.net\/kariyer\/belge-form-ve-sartnameler\/#breadcrumb","itemListElement":[{"@type":"ListItem","position":1,"name":"Anasayfa","item":"https:\/\/kariyerbelgelendirme.net\/kariyer\/"},{"@type":"ListItem","position":2,"name":"Belge Form ve \u015eartnameler"}]},{"@type":"WebSite","@id":"https:\/\/kariyerbelgelendirme.net\/kariyer\/#website","url":"https:\/\/kariyerbelgelendirme.net\/kariyer\/","name":"Kariyer Belgelendirme","description":"\u00d6nce G\u00fcven","potentialAction":[{"@type":"SearchAction","target":{"@type":"EntryPoint","urlTemplate":"https:\/\/kariyerbelgelendirme.net\/kariyer\/?s={search_term_string}"},"query-input":"required name=search_term_string"}],"inLanguage":"tr"}]}},"_links":{"self":[{"href":"https:\/\/kariyerbelgelendirme.net\/kariyer\/wp-json\/wp\/v2\/pages\/3762"}],"collection":[{"href":"https:\/\/kariyerbelgelendirme.net\/kariyer\/wp-json\/wp\/v2\/pages"}],"about":[{"href":"https:\/\/kariyerbelgelendirme.net\/kariyer\/wp-json\/wp\/v2\/types\/page"}],"author":[{"embeddable":true,"href":"https:\/\/kariyerbelgelendirme.net\/kariyer\/wp-json\/wp\/v2\/users\/1"}],"replies":[{"embeddable":true,"href":"https:\/\/kariyerbelgelendirme.net\/kariyer\/wp-json\/wp\/v2\/comments?post=3762"}],"version-history":[{"count":41,"href":"https:\/\/kariyerbelgelendirme.net\/kariyer\/wp-json\/wp\/v2\/pages\/3762\/revisions"}],"predecessor-version":[{"id":5017,"href":"https:\/\/kariyerbelgelendirme.net\/kariyer\/wp-json\/wp\/v2\/pages\/3762\/revisions\/5017"}],"wp:attachment":[{"href":"https:\/\/kariyerbelgelendirme.net\/kariyer\/wp-json\/wp\/v2\/media?parent=3762"}],"curies":[{"name":"wp","href":"https:\/\/api.w.org\/{rel}","templated":true}]}}