{"id":3606,"date":"2018-01-01T23:08:22","date_gmt":"2018-01-01T21:08:22","guid":{"rendered":"http:\/\/kariyerbelgelendirme.net\/kariyer\/?page_id=3606"},"modified":"2019-02-08T18:31:25","modified_gmt":"2019-02-08T15:31:25","slug":"ust-yonetim-tarafsizlik-taahhudu","status":"publish","type":"page","link":"https:\/\/kariyerbelgelendirme.net\/kariyer\/ust-yonetim-tarafsizlik-taahhudu\/","title":{"rendered":"\u00dcst y\u00f6netim tarafs\u0131zl\u0131k taahh\u00fcd\u00fc"},"content":{"rendered":"\t\t<div data-elementor-type=\"wp-post\" data-elementor-id=\"3606\" class=\"elementor elementor-3606 elementor-bc-flex-widget\">\n\t\t\t\t\t\t\t\t\t<section class=\"elementor-section elementor-top-section elementor-element elementor-element-nrofiga elementor-section-boxed elementor-section-height-default elementor-section-height-default\" data-id=\"nrofiga\" data-element_type=\"section\">\n\t\t\t\t\t\t<div class=\"elementor-container elementor-column-gap-default\">\n\t\t\t\t\t<div class=\"elementor-column elementor-col-100 elementor-top-column elementor-element elementor-element-dzn1lrf\" data-id=\"dzn1lrf\" data-element_type=\"column\">\n\t\t\t<div class=\"elementor-widget-wrap elementor-element-populated\">\n\t\t\t\t\t\t\t\t<div class=\"elementor-element elementor-element-myaizwb elementor-widget elementor-widget-text-editor\" data-id=\"myaizwb\" data-element_type=\"widget\" data-widget_type=\"text-editor.default\">\n\t\t\t\t<div class=\"elementor-widget-container\">\n\t\t\t\t\t\t\t<h3 class=\"block-head\"><strong><span style=\"color: #ff0000;\"><span style=\"vertical-align: inherit;\"><span style=\"vertical-align: inherit;\">\u00dcst Y\u00f6netim Tarafs\u0131zl\u0131k Taahh\u00fcd\u00fc<\/span><\/span><\/span><\/strong><\/h3>\t\t\t\t\t\t<\/div>\n\t\t\t\t<\/div>\n\t\t\t\t\t<\/div>\n\t\t<\/div>\n\t\t\t\t\t\t\t<\/div>\n\t\t<\/section>\n\t\t\t\t<section class=\"elementor-section elementor-top-section elementor-element elementor-element-qcukta7 elementor-section-boxed elementor-section-height-default elementor-section-height-default\" data-id=\"qcukta7\" data-element_type=\"section\">\n\t\t\t\t\t\t<div class=\"elementor-container elementor-column-gap-default\">\n\t\t\t\t\t<div class=\"elementor-column elementor-col-100 elementor-top-column elementor-element elementor-element-r6kkqh8\" data-id=\"r6kkqh8\" data-element_type=\"column\">\n\t\t\t<div class=\"elementor-widget-wrap elementor-element-populated\">\n\t\t\t\t\t\t\t\t<div class=\"elementor-element elementor-element-54hbqun elementor-widget elementor-widget-text-editor\" data-id=\"54hbqun\" data-element_type=\"widget\" data-widget_type=\"text-editor.default\">\n\t\t\t\t<div class=\"elementor-widget-container\">\n\t\t\t\t\t\t\t<p>KAR\u0130YER YAPI M\u0130MARLIK \u0130N\u015eAAT SAN VE T\u0130C. LTD. \u015eT\u0130. B\u00fcnyesindeki g\u00f6revlerimi yerine getirirken;<\/p><p>BELGELEND\u0130RME KURULU\u015eU ad\u0131na g\u00f6sterece\u011fim t\u00fcm faaliyetlerinde, kararlar\u0131n\u0131 ve faaliyetlerini etkileyebilecek her t\u00fcrl\u00fc ticari, mali, idari ve di\u011fer bask\u0131lardan uzak ve tarafs\u0131z hizmet verece\u011fime ve t\u00fcm taraflardan ba\u011f\u0131ms\u0131z davranaca\u011f\u0131ma. Personel Belgelendirme kararlar\u0131n\u0131n ba\u011f\u0131ms\u0131zl\u0131\u011f\u0131n\u0131 etkileyecek hi\u00e7bir faaliyette bulunmayaca\u011f\u0131m\u0131.\u00a0<\/p><p><br \/>\u2022 Personel Belgelendirme Politikas\u0131na ayk\u0131r\u0131 davran\u0131\u015flar sergilemeyece\u011fimi,<br \/>\u2022 G\u00f6revlerimi yerine getirirken tarafs\u0131z, d\u00fcr\u00fcst ve t\u00fcm adaylara i\u00e7in e\u015fit bi\u00e7imde davranaca\u011f\u0131m\u0131,<br \/>\u2022 Dil, din, felsefi inan\u00e7, siyasi d\u00fc\u015f\u00fcnce, \u0131rk, ya\u015f, bedensel engelli ve cinsiyet ayr\u0131m\u0131 yapmadan, f\u0131rsat e\u015fitli\u011fini engelleyici davran\u0131\u015f ve uygulamalara meydan vermeden tarafs\u0131zl\u0131k i\u00e7erisinde hizmet gereklerine uygun davranmay\u0131,<br \/>\u2022 Ge\u00e7mi\u015fte ve\/veya halen s\u00fcrmekte olan herhangi bir ticar\u00ee veya di\u011fer menfaat ili\u015fkilerinden ba\u011f\u0131ms\u0131z olmak d\u00e2hil, belgelendirme kurulu\u015fu taraf\u0131ndan belirlenmi\u015f t\u00fcm kurallara uyaca\u011f\u0131m\u0131,<br \/>\u2022 Gizlilik prensiplerine uygun hareket edece\u011fimi,<br \/>\u2022 Personel Belgelendirme Sistemi personelinin her t\u00fcrl\u00fc idari, ticari, mali ve teknik i\u00e7 ve d\u0131\u015f bask\u0131lardan ve etkilerden uzak bulundu\u011funu ve bu t\u00fcr ba\u011flant\u0131lardan uzak tutaca\u011f\u0131m\u0131,<br \/>\u2022 Personel belgelendirme veya s\u0131nav sonu\u00e7lar\u0131 konusunda sistemin ba\u011f\u0131ms\u0131z ve tarafs\u0131zl\u0131\u011f\u0131na zarar verebilecek geli\u015fmeleri \u00f6nleyici tedbirleri alaca\u011f\u0131m\u0131,<br \/>\u2022 Belgelendirme i\u00e7in a\u015f\u0131r\u0131 mali \u015fartlar veya bir birlik veya guruba \u00fcye olunmas\u0131 gibi di\u011fer s\u0131n\u0131rlay\u0131c\u0131 \u015fartlar istemeyece\u011fimi, ba\u015fvuru sahibi ve adaylar\u0131n eri\u015fimini veya ba\u015fvurusunu haks\u0131z olarak engelleyici veya k\u0131s\u0131tlay\u0131c\u0131 \u015fartlar sunmayaca\u011f\u0131m\u0131,<br \/>\u2022 BELGELEND\u0130RME KURULU\u015eU personeline belgelendirme s\u00fcre\u00e7leri ile ilgili ticari ve mali olarak \u00fcst y\u00f6netimden ve di\u011fer \u00fc\u00e7\u00fcnc\u00fc taraflardan hi\u00e7bir bask\u0131 olmamas\u0131n\u0131 sa\u011flayaca\u011f\u0131m\u0131, beyan ve taahh\u00fct ederim.<\/p><p>Ad\u0131 Soyad\u0131 : Ferhat SAKALLI<br \/>G\u00f6revi : Genel M\u00fcd\u00fcr<br \/>Tarih : 01.08.2016<\/p>\t\t\t\t\t\t<\/div>\n\t\t\t\t<\/div>\n\t\t\t\t\t<\/div>\n\t\t<\/div>\n\t\t\t\t\t\t\t<\/div>\n\t\t<\/section>\n\t\t\t\t\t\t\t<\/div>\n\t\t","protected":false},"excerpt":{"rendered":"<p>\u00dcst Y\u00f6netim Tarafs\u0131zl\u0131k Taahh\u00fcd\u00fc KAR\u0130YER YAPI M\u0130MARLIK \u0130N\u015eAAT SAN VE T\u0130C. LTD. \u015eT\u0130. B\u00fcnyesindeki g\u00f6revlerimi yerine getirirken; BELGELEND\u0130RME KURULU\u015eU ad\u0131na g\u00f6sterece\u011fim t\u00fcm faaliyetlerinde, kararlar\u0131n\u0131 ve faaliyetlerini etkileyebilecek her t\u00fcrl\u00fc ticari, mali, idari ve di\u011fer bask\u0131lardan uzak ve tarafs\u0131z hizmet verece\u011fime ve t\u00fcm taraflardan ba\u011f\u0131ms\u0131z davranaca\u011f\u0131ma. Personel Belgelendirme kararlar\u0131n\u0131n ba\u011f\u0131ms\u0131zl\u0131\u011f\u0131n\u0131 etkileyecek hi\u00e7bir faaliyette bulunmayaca\u011f\u0131m\u0131.\u00a0 \u2022 Personel [&hellip;] <a class=\"more-link\" href=\"https:\/\/kariyerbelgelendirme.net\/kariyer\/ust-yonetim-tarafsizlik-taahhudu\/\">Devam\u0131n\u0131 Oku<\/a><\/p>\n","protected":false},"author":1,"featured_media":0,"parent":0,"menu_order":0,"comment_status":"closed","ping_status":"closed","template":"","meta":{"footnotes":""},"yoast_head":"<!-- This site is optimized with the Yoast SEO plugin v21.8 - https:\/\/yoast.com\/wordpress\/plugins\/seo\/ -->\n<title>\u00dcst y\u00f6netim tarafs\u0131zl\u0131k taahh\u00fcd\u00fc - Kariyer Belgelendirme<\/title>\n<meta name=\"robots\" content=\"index, follow, max-snippet:-1, max-image-preview:large, max-video-preview:-1\" \/>\n<link rel=\"canonical\" href=\"https:\/\/kariyerbelgelendirme.net\/kariyer\/ust-yonetim-tarafsizlik-taahhudu\/\" \/>\n<meta property=\"og:locale\" content=\"tr_TR\" \/>\n<meta property=\"og:type\" content=\"article\" \/>\n<meta property=\"og:title\" content=\"\u00dcst y\u00f6netim tarafs\u0131zl\u0131k taahh\u00fcd\u00fc - Kariyer Belgelendirme\" \/>\n<meta property=\"og:description\" content=\"\u00dcst Y\u00f6netim Tarafs\u0131zl\u0131k Taahh\u00fcd\u00fc KAR\u0130YER YAPI M\u0130MARLIK \u0130N\u015eAAT SAN VE T\u0130C. LTD. \u015eT\u0130. B\u00fcnyesindeki g\u00f6revlerimi yerine getirirken; BELGELEND\u0130RME KURULU\u015eU ad\u0131na g\u00f6sterece\u011fim t\u00fcm faaliyetlerinde, kararlar\u0131n\u0131 ve faaliyetlerini etkileyebilecek her t\u00fcrl\u00fc ticari, mali, idari ve di\u011fer bask\u0131lardan uzak ve tarafs\u0131z hizmet verece\u011fime ve t\u00fcm taraflardan ba\u011f\u0131ms\u0131z davranaca\u011f\u0131ma. Personel Belgelendirme kararlar\u0131n\u0131n ba\u011f\u0131ms\u0131zl\u0131\u011f\u0131n\u0131 etkileyecek hi\u00e7bir faaliyette bulunmayaca\u011f\u0131m\u0131.\u00a0 \u2022 Personel [&hellip;]\" \/>\n<meta property=\"og:url\" content=\"https:\/\/kariyerbelgelendirme.net\/kariyer\/ust-yonetim-tarafsizlik-taahhudu\/\" \/>\n<meta property=\"og:site_name\" content=\"Kariyer Belgelendirme\" \/>\n<meta property=\"article:modified_time\" content=\"2019-02-08T15:31:25+00:00\" \/>\n<meta name=\"twitter:card\" content=\"summary_large_image\" \/>\n<meta name=\"twitter:label1\" content=\"Tahmini okuma s\u00fcresi\" \/>\n\t<meta name=\"twitter:data1\" content=\"2 dakika\" \/>\n<script type=\"application\/ld+json\" class=\"yoast-schema-graph\">{\"@context\":\"https:\/\/schema.org\",\"@graph\":[{\"@type\":\"WebPage\",\"@id\":\"https:\/\/kariyerbelgelendirme.net\/kariyer\/ust-yonetim-tarafsizlik-taahhudu\/\",\"url\":\"https:\/\/kariyerbelgelendirme.net\/kariyer\/ust-yonetim-tarafsizlik-taahhudu\/\",\"name\":\"\u00dcst y\u00f6netim tarafs\u0131zl\u0131k taahh\u00fcd\u00fc - Kariyer Belgelendirme\",\"isPartOf\":{\"@id\":\"https:\/\/kariyerbelgelendirme.net\/kariyer\/#website\"},\"datePublished\":\"2018-01-01T21:08:22+00:00\",\"dateModified\":\"2019-02-08T15:31:25+00:00\",\"breadcrumb\":{\"@id\":\"https:\/\/kariyerbelgelendirme.net\/kariyer\/ust-yonetim-tarafsizlik-taahhudu\/#breadcrumb\"},\"inLanguage\":\"tr\",\"potentialAction\":[{\"@type\":\"ReadAction\",\"target\":[\"https:\/\/kariyerbelgelendirme.net\/kariyer\/ust-yonetim-tarafsizlik-taahhudu\/\"]}]},{\"@type\":\"BreadcrumbList\",\"@id\":\"https:\/\/kariyerbelgelendirme.net\/kariyer\/ust-yonetim-tarafsizlik-taahhudu\/#breadcrumb\",\"itemListElement\":[{\"@type\":\"ListItem\",\"position\":1,\"name\":\"Anasayfa\",\"item\":\"https:\/\/kariyerbelgelendirme.net\/kariyer\/\"},{\"@type\":\"ListItem\",\"position\":2,\"name\":\"\u00dcst y\u00f6netim tarafs\u0131zl\u0131k taahh\u00fcd\u00fc\"}]},{\"@type\":\"WebSite\",\"@id\":\"https:\/\/kariyerbelgelendirme.net\/kariyer\/#website\",\"url\":\"https:\/\/kariyerbelgelendirme.net\/kariyer\/\",\"name\":\"Kariyer Belgelendirme\",\"description\":\"\u00d6nce G\u00fcven\",\"potentialAction\":[{\"@type\":\"SearchAction\",\"target\":{\"@type\":\"EntryPoint\",\"urlTemplate\":\"https:\/\/kariyerbelgelendirme.net\/kariyer\/?s={search_term_string}\"},\"query-input\":\"required name=search_term_string\"}],\"inLanguage\":\"tr\"}]}<\/script>\n<!-- \/ Yoast SEO plugin. -->","yoast_head_json":{"title":"\u00dcst y\u00f6netim tarafs\u0131zl\u0131k taahh\u00fcd\u00fc - Kariyer Belgelendirme","robots":{"index":"index","follow":"follow","max-snippet":"max-snippet:-1","max-image-preview":"max-image-preview:large","max-video-preview":"max-video-preview:-1"},"canonical":"https:\/\/kariyerbelgelendirme.net\/kariyer\/ust-yonetim-tarafsizlik-taahhudu\/","og_locale":"tr_TR","og_type":"article","og_title":"\u00dcst y\u00f6netim tarafs\u0131zl\u0131k taahh\u00fcd\u00fc - Kariyer Belgelendirme","og_description":"\u00dcst Y\u00f6netim Tarafs\u0131zl\u0131k Taahh\u00fcd\u00fc KAR\u0130YER YAPI M\u0130MARLIK \u0130N\u015eAAT SAN VE T\u0130C. LTD. \u015eT\u0130. B\u00fcnyesindeki g\u00f6revlerimi yerine getirirken; BELGELEND\u0130RME KURULU\u015eU ad\u0131na g\u00f6sterece\u011fim t\u00fcm faaliyetlerinde, kararlar\u0131n\u0131 ve faaliyetlerini etkileyebilecek her t\u00fcrl\u00fc ticari, mali, idari ve di\u011fer bask\u0131lardan uzak ve tarafs\u0131z hizmet verece\u011fime ve t\u00fcm taraflardan ba\u011f\u0131ms\u0131z davranaca\u011f\u0131ma. Personel Belgelendirme kararlar\u0131n\u0131n ba\u011f\u0131ms\u0131zl\u0131\u011f\u0131n\u0131 etkileyecek hi\u00e7bir faaliyette bulunmayaca\u011f\u0131m\u0131.\u00a0 \u2022 Personel [&hellip;]","og_url":"https:\/\/kariyerbelgelendirme.net\/kariyer\/ust-yonetim-tarafsizlik-taahhudu\/","og_site_name":"Kariyer Belgelendirme","article_modified_time":"2019-02-08T15:31:25+00:00","twitter_card":"summary_large_image","twitter_misc":{"Tahmini okuma s\u00fcresi":"2 dakika"},"schema":{"@context":"https:\/\/schema.org","@graph":[{"@type":"WebPage","@id":"https:\/\/kariyerbelgelendirme.net\/kariyer\/ust-yonetim-tarafsizlik-taahhudu\/","url":"https:\/\/kariyerbelgelendirme.net\/kariyer\/ust-yonetim-tarafsizlik-taahhudu\/","name":"\u00dcst y\u00f6netim tarafs\u0131zl\u0131k taahh\u00fcd\u00fc - Kariyer Belgelendirme","isPartOf":{"@id":"https:\/\/kariyerbelgelendirme.net\/kariyer\/#website"},"datePublished":"2018-01-01T21:08:22+00:00","dateModified":"2019-02-08T15:31:25+00:00","breadcrumb":{"@id":"https:\/\/kariyerbelgelendirme.net\/kariyer\/ust-yonetim-tarafsizlik-taahhudu\/#breadcrumb"},"inLanguage":"tr","potentialAction":[{"@type":"ReadAction","target":["https:\/\/kariyerbelgelendirme.net\/kariyer\/ust-yonetim-tarafsizlik-taahhudu\/"]}]},{"@type":"BreadcrumbList","@id":"https:\/\/kariyerbelgelendirme.net\/kariyer\/ust-yonetim-tarafsizlik-taahhudu\/#breadcrumb","itemListElement":[{"@type":"ListItem","position":1,"name":"Anasayfa","item":"https:\/\/kariyerbelgelendirme.net\/kariyer\/"},{"@type":"ListItem","position":2,"name":"\u00dcst y\u00f6netim tarafs\u0131zl\u0131k taahh\u00fcd\u00fc"}]},{"@type":"WebSite","@id":"https:\/\/kariyerbelgelendirme.net\/kariyer\/#website","url":"https:\/\/kariyerbelgelendirme.net\/kariyer\/","name":"Kariyer Belgelendirme","description":"\u00d6nce G\u00fcven","potentialAction":[{"@type":"SearchAction","target":{"@type":"EntryPoint","urlTemplate":"https:\/\/kariyerbelgelendirme.net\/kariyer\/?s={search_term_string}"},"query-input":"required name=search_term_string"}],"inLanguage":"tr"}]}},"_links":{"self":[{"href":"https:\/\/kariyerbelgelendirme.net\/kariyer\/wp-json\/wp\/v2\/pages\/3606"}],"collection":[{"href":"https:\/\/kariyerbelgelendirme.net\/kariyer\/wp-json\/wp\/v2\/pages"}],"about":[{"href":"https:\/\/kariyerbelgelendirme.net\/kariyer\/wp-json\/wp\/v2\/types\/page"}],"author":[{"embeddable":true,"href":"https:\/\/kariyerbelgelendirme.net\/kariyer\/wp-json\/wp\/v2\/users\/1"}],"replies":[{"embeddable":true,"href":"https:\/\/kariyerbelgelendirme.net\/kariyer\/wp-json\/wp\/v2\/comments?post=3606"}],"version-history":[{"count":4,"href":"https:\/\/kariyerbelgelendirme.net\/kariyer\/wp-json\/wp\/v2\/pages\/3606\/revisions"}],"predecessor-version":[{"id":4139,"href":"https:\/\/kariyerbelgelendirme.net\/kariyer\/wp-json\/wp\/v2\/pages\/3606\/revisions\/4139"}],"wp:attachment":[{"href":"https:\/\/kariyerbelgelendirme.net\/kariyer\/wp-json\/wp\/v2\/media?parent=3606"}],"curies":[{"name":"wp","href":"https:\/\/api.w.org\/{rel}","templated":true}]}}