{"id":3295,"date":"2017-07-18T17:27:33","date_gmt":"2017-07-18T14:27:33","guid":{"rendered":"http:\/\/kariyerbelgelendirme.net\/kariyer\/?page_id=3295"},"modified":"2017-07-18T17:31:11","modified_gmt":"2017-07-18T14:31:11","slug":"sinav-basvuru","status":"publish","type":"page","link":"https:\/\/kariyerbelgelendirme.net\/kariyer\/sinav-basvuru\/","title":{"rendered":"S\u0131nav Ba\u015fvuru"},"content":{"rendered":"\n<div class=\"wpcf7 no-js\" id=\"wpcf7-f2065-o1\" lang=\"en-US\" dir=\"ltr\">\n<div class=\"screen-reader-response\"><p role=\"status\" aria-live=\"polite\" aria-atomic=\"true\"><\/p> <ul><\/ul><\/div>\n<form action=\"\/kariyer\/wp-json\/wp\/v2\/pages\/3295#wpcf7-f2065-o1\" method=\"post\" class=\"wpcf7-form init\" aria-label=\"Contact form\" novalidate=\"novalidate\" data-status=\"init\">\n<div style=\"display: none;\">\n<input type=\"hidden\" name=\"_wpcf7\" value=\"2065\" \/>\n<input type=\"hidden\" name=\"_wpcf7_version\" value=\"5.8.6\" \/>\n<input type=\"hidden\" name=\"_wpcf7_locale\" value=\"en_US\" \/>\n<input type=\"hidden\" name=\"_wpcf7_unit_tag\" value=\"wpcf7-f2065-o1\" \/>\n<input type=\"hidden\" name=\"_wpcf7_container_post\" value=\"0\" \/>\n<input type=\"hidden\" name=\"_wpcf7_posted_data_hash\" value=\"\" \/>\n<\/div>\n<p>Tam Ad\u0131n\u0131z <span class=\"red\">*<\/span>\n<\/p>\n<p><span class=\"wpcf7-form-control-wrap\" data-name=\"full-name\"><input size=\"40\" class=\"wpcf7-form-control wpcf7-text wpcf7-validates-as-required\" aria-required=\"true\" aria-invalid=\"false\" value=\"\" type=\"text\" name=\"full-name\" \/><\/span>\n<\/p>\n<p> TC Kimlik No<span class=\"red\">*Sitemize giri\u015f i\u00e7in kullanaca\u011f\u0131n\u0131z Kullan\u0131c\u0131 ad\u0131n\u0131z olacakt\u0131r<\/span>\n<\/p>\n<p><span class=\"wpcf7-form-control-wrap\" data-name=\"text-965\"><input size=\"40\" class=\"wpcf7-form-control wpcf7-text wpcf7-validates-as-required\" aria-required=\"true\" aria-invalid=\"false\" placeholder=\"\" value=\"\" type=\"text\" name=\"text-965\" \/><\/span>\n<\/p>\n<p> Telefon<span class=\"red\">*Sitemize giri\u015f i\u00e7in kullanaca\u011f\u0131n\u0131z \u015fifreniz olacakt\u0131r<\/span>\n<\/p>\n<p><span class=\"wpcf7-form-control-wrap\" data-name=\"tel-100\"><input size=\"40\" class=\"wpcf7-form-control wpcf7-tel wpcf7-validates-as-required wpcf7-text wpcf7-validates-as-tel\" aria-required=\"true\" aria-invalid=\"false\" value=\"\" type=\"tel\" name=\"tel-100\" \/><\/span>\n<\/p>\n<p> Email adresiniz <span class=\"red\">*<\/span>\n<\/p>\n<p><span class=\"wpcf7-form-control-wrap\" data-name=\"email\"><input size=\"40\" class=\"wpcf7-form-control wpcf7-email wpcf7-validates-as-required wpcf7-text wpcf7-validates-as-email\" aria-required=\"true\" aria-invalid=\"false\" value=\"\" type=\"email\" name=\"email\" \/><\/span>\n<\/p>\n<p> Do\u011fum Tarihiniz<span class=\"red\">*<\/span><br \/>\n<span class=\"wpcf7-form-control-wrap\" data-name=\"date-387\"><input class=\"wpcf7-form-control wpcf7-date wpcf7-validates-as-required wpcf7-validates-as-date\" aria-required=\"true\" aria-invalid=\"false\" value=\"\" type=\"date\" name=\"date-387\" \/><\/span>\n<\/p>\n<p> Cinsiyetiniz<span class=\"red\">*<\/span><br \/>\n<span class=\"wpcf7-form-control-wrap\" data-name=\"radio-925\"><span class=\"wpcf7-form-control wpcf7-radio\"><span class=\"wpcf7-list-item first\"><span class=\"wpcf7-list-item-label\">Kad\u0131n<\/span><input type=\"radio\" name=\"radio-925\" value=\"Kad\u0131n\" checked=\"checked\" \/><\/span><span class=\"wpcf7-list-item last\"><span class=\"wpcf7-list-item-label\">Erkek<\/span><input type=\"radio\" name=\"radio-925\" value=\"Erkek\" \/><\/span><\/span><\/span>\n<\/p>\n<p> E\u011fitim Durumunuz<span class=\"red\">*<\/span><br \/>\n<span class=\"wpcf7-form-control-wrap\" data-name=\"radio-787\"><span class=\"wpcf7-form-control wpcf7-radio\"><span class=\"wpcf7-list-item first\"><input type=\"radio\" name=\"radio-787\" value=\"Okur Yazar\" checked=\"checked\" \/><span class=\"wpcf7-list-item-label\">Okur Yazar<\/span><\/span><span class=\"wpcf7-list-item\"><input type=\"radio\" name=\"radio-787\" value=\"\u0130lk\u00f6\u011fretim\" \/><span class=\"wpcf7-list-item-label\">\u0130lk\u00f6\u011fretim<\/span><\/span><span class=\"wpcf7-list-item\"><input type=\"radio\" name=\"radio-787\" value=\"Lise\" \/><span class=\"wpcf7-list-item-label\">Lise<\/span><\/span><span class=\"wpcf7-list-item\"><input type=\"radio\" name=\"radio-787\" value=\"Y\u00fcksekokul\" \/><span class=\"wpcf7-list-item-label\">Y\u00fcksekokul<\/span><\/span><span class=\"wpcf7-list-item\"><input type=\"radio\" name=\"radio-787\" value=\"\u00dcniversite\" \/><span class=\"wpcf7-list-item-label\">\u00dcniversite<\/span><\/span><span class=\"wpcf7-list-item last\"><input type=\"radio\" name=\"radio-787\" value=\"Master-Doktora\" \/><span class=\"wpcf7-list-item-label\">Master-Doktora<\/span><\/span><\/span><\/span>\n<\/p>\n<p>Aktif Olarak Yapt\u0131\u011f\u0131n\u0131z i\u015f <span class=\"red\">*<\/span><br \/>\n<span class=\"wpcf7-form-control-wrap\" data-name=\"full-name\"><input size=\"40\" class=\"wpcf7-form-control wpcf7-text wpcf7-validates-as-required\" aria-required=\"true\" aria-invalid=\"false\" value=\"\" type=\"text\" name=\"full-name\" \/><\/span>\n<\/p>\n<p>S\u0131nava Girmek \u0130stedi\u011finiz Meslek T\u00fcr\u00fc\n<\/p>\n<p><span class=\"wpcf7-form-control-wrap\" data-name=\"Position\"><select class=\"wpcf7-form-control wpcf7-select wpcf7-validates-as-required\" aria-required=\"true\" aria-invalid=\"false\" name=\"Position\"><option value=\"Ah\u015fap Kal\u0131p\u00e7\u0131\">Ah\u015fap Kal\u0131p\u00e7\u0131<\/option><option value=\"Al\u00e7\u0131 Levha\">Al\u00e7\u0131 Levha<\/option><option value=\"Al\u00e7\u0131 S\u0131va\">Al\u00e7\u0131 S\u0131va<\/option><option value=\"Betonarme Demirci\">Betonarme Demirci<\/option><option value=\"Betoncu\">Betoncu<\/option><option value=\"Duvarc\u0131\">Duvarc\u0131<\/option><option value=\"\u0130n\u015faat Boyac\u0131s\u0131\">\u0130n\u015faat Boyac\u0131s\u0131<\/option><option value=\"\u0130n\u015faat \u0130\u015f\u00e7isi\">\u0130n\u015faat \u0130\u015f\u00e7isi<\/option><option value=\"Is\u0131 Yal\u0131t\u0131mc\u0131\">Is\u0131 Yal\u0131t\u0131mc\u0131<\/option><option value=\"\u0130skele Kurulum Eleman\u0131\">\u0130skele Kurulum Eleman\u0131<\/option><option value=\"Panel Kal\u0131p\u00e7\u0131\">Panel Kal\u0131p\u00e7\u0131<\/option><option value=\"Seramik Karo Kaplamac\u0131s\u0131\">Seramik Karo Kaplamac\u0131s\u0131<\/option><option value=\"S\u0131vac\u0131\">S\u0131vac\u0131<\/option><option value=\"T\u00fcnel Kal\u0131p\u00e7\u0131\">T\u00fcnel Kal\u0131p\u00e7\u0131<\/option><\/select><\/span>\n<\/p>\n<p>[recaptcha\n<\/p>\n<div class=\"g-recaptcha\" data-sitekey=\"6LdRhykUAAAAAA87B1AGqq7BKEb7Yav37mspUkGz\">\n<\/div>\n<p>]\n<\/p>\n<p><input class=\"wpcf7-form-control wpcf7-submit has-spinner\" type=\"submit\" value=\"Formu G\u00f6nder\" \/>\n<\/p><p style=\"display: none !important;\"><label>&#916;<textarea name=\"_wpcf7_ak_hp_textarea\" cols=\"45\" rows=\"8\" maxlength=\"100\"><\/textarea><\/label><input type=\"hidden\" id=\"ak_js_1\" name=\"_wpcf7_ak_js\" value=\"242\"\/><script>document.getElementById( \"ak_js_1\" ).setAttribute( \"value\", ( new Date() ).getTime() );<\/script><\/p><div class=\"wpcf7-response-output\" aria-hidden=\"true\"><\/div>\n<\/form>\n<\/div>\n\n","protected":false},"excerpt":{"rendered":"<p> <a class=\"more-link\" href=\"https:\/\/kariyerbelgelendirme.net\/kariyer\/sinav-basvuru\/\">Devam\u0131n\u0131 Oku<\/a><\/p>\n","protected":false},"author":1,"featured_media":0,"parent":0,"menu_order":0,"comment_status":"closed","ping_status":"closed","template":"","meta":{"footnotes":""},"yoast_head":"<!-- This site is optimized with the Yoast SEO plugin v21.8 - https:\/\/yoast.com\/wordpress\/plugins\/seo\/ -->\n<title>S\u0131nav Ba\u015fvuru - Kariyer Belgelendirme<\/title>\n<meta name=\"robots\" content=\"index, follow, max-snippet:-1, max-image-preview:large, max-video-preview:-1\" \/>\n<link rel=\"canonical\" href=\"https:\/\/kariyerbelgelendirme.net\/kariyer\/sinav-basvuru\/\" \/>\n<meta property=\"og:locale\" content=\"tr_TR\" \/>\n<meta property=\"og:type\" content=\"article\" \/>\n<meta property=\"og:title\" content=\"S\u0131nav Ba\u015fvuru - Kariyer Belgelendirme\" \/>\n<meta property=\"og:url\" content=\"https:\/\/kariyerbelgelendirme.net\/kariyer\/sinav-basvuru\/\" \/>\n<meta property=\"og:site_name\" content=\"Kariyer Belgelendirme\" \/>\n<meta property=\"article:modified_time\" content=\"2017-07-18T14:31:11+00:00\" \/>\n<meta name=\"twitter:card\" content=\"summary_large_image\" \/>\n<script type=\"application\/ld+json\" class=\"yoast-schema-graph\">{\"@context\":\"https:\/\/schema.org\",\"@graph\":[{\"@type\":\"WebPage\",\"@id\":\"https:\/\/kariyerbelgelendirme.net\/kariyer\/sinav-basvuru\/\",\"url\":\"https:\/\/kariyerbelgelendirme.net\/kariyer\/sinav-basvuru\/\",\"name\":\"S\u0131nav Ba\u015fvuru - Kariyer Belgelendirme\",\"isPartOf\":{\"@id\":\"https:\/\/kariyerbelgelendirme.net\/kariyer\/#website\"},\"datePublished\":\"2017-07-18T14:27:33+00:00\",\"dateModified\":\"2017-07-18T14:31:11+00:00\",\"breadcrumb\":{\"@id\":\"https:\/\/kariyerbelgelendirme.net\/kariyer\/sinav-basvuru\/#breadcrumb\"},\"inLanguage\":\"tr\",\"potentialAction\":[{\"@type\":\"ReadAction\",\"target\":[\"https:\/\/kariyerbelgelendirme.net\/kariyer\/sinav-basvuru\/\"]}]},{\"@type\":\"BreadcrumbList\",\"@id\":\"https:\/\/kariyerbelgelendirme.net\/kariyer\/sinav-basvuru\/#breadcrumb\",\"itemListElement\":[{\"@type\":\"ListItem\",\"position\":1,\"name\":\"Anasayfa\",\"item\":\"https:\/\/kariyerbelgelendirme.net\/kariyer\/\"},{\"@type\":\"ListItem\",\"position\":2,\"name\":\"S\u0131nav Ba\u015fvuru\"}]},{\"@type\":\"WebSite\",\"@id\":\"https:\/\/kariyerbelgelendirme.net\/kariyer\/#website\",\"url\":\"https:\/\/kariyerbelgelendirme.net\/kariyer\/\",\"name\":\"Kariyer Belgelendirme\",\"description\":\"\u00d6nce G\u00fcven\",\"potentialAction\":[{\"@type\":\"SearchAction\",\"target\":{\"@type\":\"EntryPoint\",\"urlTemplate\":\"https:\/\/kariyerbelgelendirme.net\/kariyer\/?s={search_term_string}\"},\"query-input\":\"required name=search_term_string\"}],\"inLanguage\":\"tr\"}]}<\/script>\n<!-- \/ Yoast SEO plugin. -->","yoast_head_json":{"title":"S\u0131nav Ba\u015fvuru - Kariyer Belgelendirme","robots":{"index":"index","follow":"follow","max-snippet":"max-snippet:-1","max-image-preview":"max-image-preview:large","max-video-preview":"max-video-preview:-1"},"canonical":"https:\/\/kariyerbelgelendirme.net\/kariyer\/sinav-basvuru\/","og_locale":"tr_TR","og_type":"article","og_title":"S\u0131nav Ba\u015fvuru - Kariyer Belgelendirme","og_url":"https:\/\/kariyerbelgelendirme.net\/kariyer\/sinav-basvuru\/","og_site_name":"Kariyer Belgelendirme","article_modified_time":"2017-07-18T14:31:11+00:00","twitter_card":"summary_large_image","schema":{"@context":"https:\/\/schema.org","@graph":[{"@type":"WebPage","@id":"https:\/\/kariyerbelgelendirme.net\/kariyer\/sinav-basvuru\/","url":"https:\/\/kariyerbelgelendirme.net\/kariyer\/sinav-basvuru\/","name":"S\u0131nav Ba\u015fvuru - Kariyer Belgelendirme","isPartOf":{"@id":"https:\/\/kariyerbelgelendirme.net\/kariyer\/#website"},"datePublished":"2017-07-18T14:27:33+00:00","dateModified":"2017-07-18T14:31:11+00:00","breadcrumb":{"@id":"https:\/\/kariyerbelgelendirme.net\/kariyer\/sinav-basvuru\/#breadcrumb"},"inLanguage":"tr","potentialAction":[{"@type":"ReadAction","target":["https:\/\/kariyerbelgelendirme.net\/kariyer\/sinav-basvuru\/"]}]},{"@type":"BreadcrumbList","@id":"https:\/\/kariyerbelgelendirme.net\/kariyer\/sinav-basvuru\/#breadcrumb","itemListElement":[{"@type":"ListItem","position":1,"name":"Anasayfa","item":"https:\/\/kariyerbelgelendirme.net\/kariyer\/"},{"@type":"ListItem","position":2,"name":"S\u0131nav Ba\u015fvuru"}]},{"@type":"WebSite","@id":"https:\/\/kariyerbelgelendirme.net\/kariyer\/#website","url":"https:\/\/kariyerbelgelendirme.net\/kariyer\/","name":"Kariyer Belgelendirme","description":"\u00d6nce G\u00fcven","potentialAction":[{"@type":"SearchAction","target":{"@type":"EntryPoint","urlTemplate":"https:\/\/kariyerbelgelendirme.net\/kariyer\/?s={search_term_string}"},"query-input":"required name=search_term_string"}],"inLanguage":"tr"}]}},"_links":{"self":[{"href":"https:\/\/kariyerbelgelendirme.net\/kariyer\/wp-json\/wp\/v2\/pages\/3295"}],"collection":[{"href":"https:\/\/kariyerbelgelendirme.net\/kariyer\/wp-json\/wp\/v2\/pages"}],"about":[{"href":"https:\/\/kariyerbelgelendirme.net\/kariyer\/wp-json\/wp\/v2\/types\/page"}],"author":[{"embeddable":true,"href":"https:\/\/kariyerbelgelendirme.net\/kariyer\/wp-json\/wp\/v2\/users\/1"}],"replies":[{"embeddable":true,"href":"https:\/\/kariyerbelgelendirme.net\/kariyer\/wp-json\/wp\/v2\/comments?post=3295"}],"version-history":[{"count":1,"href":"https:\/\/kariyerbelgelendirme.net\/kariyer\/wp-json\/wp\/v2\/pages\/3295\/revisions"}],"predecessor-version":[{"id":3296,"href":"https:\/\/kariyerbelgelendirme.net\/kariyer\/wp-json\/wp\/v2\/pages\/3295\/revisions\/3296"}],"wp:attachment":[{"href":"https:\/\/kariyerbelgelendirme.net\/kariyer\/wp-json\/wp\/v2\/media?parent=3295"}],"curies":[{"name":"wp","href":"https:\/\/api.w.org\/{rel}","templated":true}]}}